 the greatest common factor of y and 44.
11
Suppose -7*w = -2*w - 20. Let b be 12/(w + -7) + 5. Calculate the greatest common divisor of b and 4.
1
Suppose 5*h = 42 + 78. Suppose -h = -2*o + 30. Let l be 2 - 2/((-2)/7). What is the highest common divisor of l and o?
9
Let p(u) = u - 4. Let g be p(4). Let o = 15 + g. Let n = 27 - o. What is the greatest common divisor of n and 60?
12
Suppose -16 = -2*i + 20. What is the greatest common factor of i and 9?
9
Suppose -2*h = -6*h + 144. Suppose 5*t - d = 56, 3*t - 52 = -2*t + 2*d. What is the greatest common divisor of h and t?
12
Let l = -24 + 36. Suppose h - l = 56. Calculate the greatest common factor of 17 and h.
17
Let o be (6/(-4))/(3/(-4)). Calculate the highest common factor of o and 9.
1
Let q(m) = -2*m - 12. Let k be q(-16). Let u(y) = -3*y**3 - 2*y**2 + 2*y + 3. Let g = -11 + 8. Let z be u(g). What is the greatest common divisor of z and k?
20
Let k = 277 + -165. Let a = -19 + 33. Calculate the greatest common divisor of a and k.
14
Let w be 4/14 - 15/(-21). Calculate the highest common factor of 3 and w.
1
Suppose g + 5*t - 13 = 0, -2*t + 34 = 2*g + 2*g. Let k = -26 - -34. Calculate the highest common factor of k and g.
8
Suppose -b - 30 = -6*b. Let x = 29 + b. What is the highest common factor of 14 and x?
7
Let w(i) = i**2 - 5*i + 8. Let f be w(8). Calculate the highest common divisor of 8 and f.
8
Let s(q) = 8*q + 2. Let p be (-3)/((-2)/8*6). Let o be s(p). Calculate the highest common factor of 36 and o.
18
Suppose -5*t = -9*t + 24. Calculate the highest common factor of t and 15.
3
Let i = -9 + 13. Suppose 44 - i = 2*w. Let j(h) = 5*h. Let u be j(10). Calculate the greatest common factor of w and u.
10
Suppose 58 = 4*j + c, 3*j - 3*c = 6*j - 48. Calculate the highest common divisor of 70 and j.
14
Let c = -4 - -7. Suppose -6 = 4*b - 18. Calculate the greatest common factor of b and c.
3
Suppose 5*o - 83 = -23. Let i be ((-4)/(-10))/(3/15). Calculate the highest common divisor of o and i.
2
Let s = 7 - 6. Suppose 4*p + 3*m - 40 = -s, 0 = 5*p + 3*m - 51. What is the greatest common factor of 18 and p?
6
Let w = -9 + 5. Let m(g) = g**3 + 7*g**2 + 4*g. Let j be m(w). Let s = 3 + 1. What is the greatest common divisor of s and j?
4
Let u(d) = d. Let z be u(7). What is the greatest common factor of 49 and z?
7
Let p be (-4)/18 + (-44)/(-36). Let i be ((-1)/3)/(p/(-87)). Suppose -2*k + 67 = -i. Calculate the highest common factor of 12 and k.
12
Suppose -x + 0*x - 5*l + 103 = 0, 3*x - 261 = l. Let j(z) = -z**2 + 7*z - 4. Let c be j(5). Let s = c + 2. Calculate the highest common factor of s and x.
8
Let g = -3 + 26. Let h = g - -1. Suppose 4*z - 9*z + 180 = 0. Calculate the highest common divisor of z and h.
12
Let q be (8/(-28) - 382/(-14))/1. Calculate the greatest common factor of 9 and q.
9
Suppose -3*r + 1 = -11. Suppose r*w - 15 = 7*w. Let q be 20 + w + 0 + 3. What is the greatest common divisor of 54 and q?
18
Suppose 6*i - 3*i + m - 393 = 0, -m - 3 = 0. Calculate the greatest common divisor of 12 and i.
12
Let w be (-174)/(-4) + (-1)/(-2). Suppose -3*y + 29 - 2 = 3*v, y = 5*v - 21. Suppose -v*x + 22 = -3*x. Calculate the highest common factor of w and x.
11
Let p be 8/(-3)*(-15)/10. Let q be ((-24)/(-10))/(p/10). Calculate the highest common factor of q and 2.
2
Let n(v) = -19*v + 3. Let d be n(-4). Let q = 164 - d. Suppose -2*w - 2*w + 68 = 0. What is the greatest common divisor of w and q?
17
Suppose 0 = j - 3 + 13. Let k = -3 + 1. Let w be (-244)/j + k/5. What is the highest common factor of w and 36?
12
Suppose 4*s - 20 = 68. Let w(k) = 2*k**3 - 9*k**2 - 3. Let r be w(7). What is the highest common factor of r and s?
22
Let t(c) = -c**2 + 7*c - 7. Let u be t(5). Let o be 28*((-9)/(-6))/u. What is the greatest common factor of o and 7?
7
Let x be -1 + -2*(-75)/6. What is the greatest common divisor of 30 and x?
6
Let y = -7 - -7. Suppose y = -n + 5*n - 4. What is the greatest common factor of 11 and n?
1
Let k(g) = -112*g. Let q be k(-2). Calculate the highest common divisor of q and 28.
28
Let w = 109 + -74. Let q = w + -18. What is the greatest common divisor of 85 and q?
17
Let h(a) = 2*a + 94*a - 3 + 204*a. Let w be h(1). What is the highest common divisor of w and 27?
27
Let u = -605 - -1037. Suppose -i = 3*i - u. Suppose 3*b = -b + i. Calculate the highest common factor of b and 3.
3
Let v be -2 + (4/(-2))/(12/(-78)). Suppose -10 = 2*p - 32. What is the highest common factor of p and v?
11
Suppose 0*f = -2*f + 6. Suppose 14 = f*i - 25. Calculate the highest common divisor of i and 91.
13
Let n(x) = 4*x + 52. Let o be n(-6). What is the highest common divisor of o and 14?
14
Suppose v = 2*y + 4*v - 13, 4*y + 4 = 4*v. Suppose -55 = -3*q - y*q. Calculate the greatest common divisor of 99 and q.
11
Let p(f) = 7*f - 7. Let c be 28/(-5) - 2/5. Let x be p(c). Let y = x + 148. What is the highest common factor of 9 and y?
9
Let z be ((-14)/6 - -2)*51. Let t = z - -28. What is the greatest common divisor of 11 and t?
11
Let a(v) = 3*v**2 + 11*v - 3. Let u be a(-5). What is the greatest common factor of 272 and u?
17
Let z(d) = -d + 4. Let o be z(-2). Calculate the greatest common divisor of 2 and o.
2
Suppose 2*m - 3 = 5. What is the highest common divisor of 28 and m?
4
Suppose -5*b + 3*n + 42 = 5*n, -b = 3*n - 11. Suppose -b = -5*f + 12. Suppose f*s - 234 = 2*s. Calculate the highest common divisor of 13 and s.
13
Suppose 5*i = 6*i - 20. What is the greatest common factor of i and 30?
10
Let c = 11 + -8. Let j(q) = -3*q + 21. Let h be j(0). Calculate the greatest common divisor of c and h.
3
Suppose -2*z + 2 + 2 = 0. What is the highest common divisor of z and 18?
2
Let p be (-1 + 2 - 0)*-13. Suppose 0 = 4*w - 2*s - 96, -2 = s - 6. Let l = w + p. Calculate the greatest common factor of l and 104.
13
Let r = -33 + 36. What is the highest common divisor of r and 27?
3
Suppose 0 = i - 6 - 0. Let m(u) = 2*u + 5 - u + 0*u. Let b be m(i). What is the highest common divisor of 121 and b?
11
Suppose 0*n + 14 = -5*d - 2*n, 4*d = -4*n - 16. Let r be (-25 + d)*10/(-5). Let j = 10 + r. What is the highest common factor of 8 and j?
8
Suppose 0 = -5*s + 105 + 10. Let y = 32 - s. What is the highest common divisor of y and 36?
9
Let w = -35 - -105. Calculate the greatest common factor of w and 14.
14
Let s(l) = l**2 + l - 4. Let i be s(-4). Let v be i + (-4)/(1 - -1). Calculate the highest common factor of v and 66.
6
Suppose -8 = -3*h - h. Let q be (13 - 1) + (h - 1). Suppose 0 = 2*j + 1 - q. Calculate the highest common factor of 30 and j.
6
Let a = 64 + -37. What is the highest common divisor of 3 and a?
3
Let k(z) be the first derivative of -z**4/4 - 4*z**3/3 + z**2/2 - 4*z + 2. Let u be k(-5). What is the greatest common divisor of u and 128?
16
Let x be -4 + (-2)/(-1) - -6. Let m be (84 - x)*2/4. What is the greatest common factor of 16 and m?
8
Suppose -5*k + 11 = -9. Calculate the highest common divisor of 6 and k.
2
Suppose w - 2*u - u - 111 = 0, 5*w - 538 = -2*u. Calculate the highest common divisor of w and 9.
9
Let s(r) = 2*r + 13. Let c be s(-7). Let g = c - -4. Suppose 0 = 3*d + d - 108. What is the greatest common divisor of d and g?
3
Suppose 5*o - 2*c - 25 = 3*c, o + c = -1. What is the highest common divisor of o and 2?
2
Let w be (-63)/12*(-32)/3. Let p = -4 + 19. Let g be (-42)/(-5) + (-6)/p. Calculate the highest common divisor of g and w.
8
Suppose 0 = z - 5*z + m + 104, -2*m - 46 = -2*z. Let a(j) = 3*j**2 - j - 1. Let l be a(-1). What is the greatest common factor of l and z?
3
Let f(o) = -18*o + 6. Suppose 3*h = h - 14. Let j be f(h). Calculate the highest common factor of 12 and j.
12
Let i be (9/6)/(45/20 - 2). Let u(s) = -s**2 + 11*s - 4. Let k be u(7). Calculate the greatest common factor of k and i.
6
Let i(d) = 3*d + 4. Let v be i(0). What is the highest common factor of 4 and v?
4
Let a be -9 + 8 + 34 + -1. Calculate the greatest common divisor of a and 8.
8
Let z = 20 + -14. Suppose 0 = -2*y - 0 - 4, -5*l - 4*y + 142 = 0. Calculate the greatest common divisor of z and l.
6
Let d = -15 + 11. Let y(f) = 15*f - 2. Let v be y(2). Let a = v + d. What is the greatest common factor of 12 and a?
12
Suppose -4*f + 3*f = -51. Calculate the greatest common divisor of 